e the prime factors of p?
5, 157
Let h(r) = 1. Let p(j) = j - 9. Let t(b) = 2*h(b) - p(b). Let w be t(12). Let n(q) = 29*q**2 + q. List the prime factors of n(w).
2, 7
Let v = 138 + -25. Suppose -v - 209 = -7*c. List the prime factors of c.
2, 23
Suppose 3*s - 15 = -0. Suppose 0 = 6*h - s*h - 30. List the prime factors of h.
2, 3, 5
Suppose 0 = 6*i + 8 - 20. Suppose t - 3*t + 278 = 4*l, 0 = i*t - 6. What are the prime factors of l?
2, 17
Suppose p - 2*r = -10, -4*p - 49 = 3*r - 2*r. List the prime factors of (p/(-7))/(-5 + (-1684)/(-336)).
2, 3
Let y(t) = -5*t**2 - 5*t - 3. Let q be y(-3). Let l = -20 - q. What are the prime factors of (l - 17) + -1 + 11?
2, 3
Let o(p) = 2*p + 15. Suppose -n - 9 = -26. List the prime factors of o(n).
7
Let n(y) = -y**2 - 2. Let k be n(-2). Let t(o) be the first derivative of o**4/4 + 5*o**3/3 - 7*o**2/2 - 3*o - 2. What are the prime factors of t(k)?
3
Let c(k) = 5*k**2 - 10*k + 23. What are the prime factors of c(-12)?
863
Let f(y) = y**3 - 12*y**2 - 13*y + 5. Let h be f(13). Suppose -w + c + 87 = 2*c, 447 = h*w + c. List the prime factors of w.
2, 3, 5
Suppose -14*g + 13*g = -634. What are the prime factors of g?
2, 317
Suppose t - 18 = 3*c - 2*t, -9 = 4*c - t. Let q be c*(-1 - (11 + -2)). Suppose -5*p = 2*k - p - q, 0 = -4*k - p + 48. What are the prime factors of k?
13
Suppose p = 3*m + 2*m + 6, 0 = 4*p + 4*m. What are the prime factors of 11/p + (-4 - -6)?
13
Let p = 131 - 228. Let d = -35 - p. What are the prime factors of d?
2, 31
Suppose 3*x - 17 = -2. Suppose -2*z - 2*q = -5*q - 353, 0 = -5*z + x*q + 890. List the prime factors of z.
181
Suppose 5*u - 5*a + 54 + 1441 = 0, 0 = -3*a + 6. List the prime factors of 25/5 + -8 - u.
2, 3, 7
Let w be ((-15)/20)/(3/(-12)). Suppose -61 - 158 = -w*m. List the prime factors of m.
73
Let u = 81 + -78. Suppose x - 856 = -5*o, -5*x + 214 = u*o - 304. List the prime factors of o.
3, 19
Let u = 3085 + -121. What are the prime factors of u?
2, 3, 13, 19
Let v be (-6 - 1) + (4 - 1). Let d(x) = x**2 - 3*x + 17. Let b be d(0). Let y = v + b. What are the prime factors of y?
13
Let p(q) = 7 + 308*q - 21 - 364*q. List the prime factors of p(-3).
2, 7, 11
Suppose 46 - 904 = -3*x. What are the prime factors of x?
2, 11, 13
List the prime factors of (-22 - -23)/((-3)/(2514/(-2))).
419
Let c = -34 + 38. Suppose -4*j - 2*t + 3*t + 446 = 0, c*j - 5*t = 454. List the prime factors of j.
3, 37
Suppose -4*x + 74 = 2*n, -3*x + 3 + 32 = n. Suppose 16 = -c + 2. Let g = n - c. List the prime factors of g.
5, 11
Suppose -147 = -17*l + 1587. Suppose -2*i + l = -52. What are the prime factors of i?
7, 11
Let d(n) = 4*n**3 - n**2 - 57*n + 24. What are the prime factors of d(9)?
2, 3, 17, 23
Let i(q) = 21*q + 4. Let f be i(3). Let u = f + -36. List the prime factors of u.
31
Let o = -2905 + 7713. List the prime factors of o.
2, 601
Suppose j = 5*q - 0*q - 13, -q + 5 = -j. List the prime factors of 52 + 3 + 2 + j.
2, 3
Let p(y) = 768*y - 1143. What are the prime factors of p(8)?
3, 1667
Let o be 1*-1 + 18 + -15. Suppose 5*c + o*d - 190 = -0*c, c = d + 38. What are the prime factors of c?
2, 19
Let f(n) = 79*n**2 - 4*n - 1. List the prime factors of f(-2).
17, 19
Suppose 4*x = -t + 24, -4*t = -x - 9 - 2. Let s be (-3)/(-18)*-2 - 6228/(-54). Suppose 10 - s = -x*m. List the prime factors of m.
3, 7
Let d(y) be the first derivative of y**4/4 - y**3 + 2*y**2 - 4*y + 4. Let i be d(3). Let j = 11 - i. List the prime factors of j.
3
Let w(d) = d**3 - 14*d**2 - 13*d - 33. Let t be w(15). Let p(x) = -21*x - 3. List the prime factors of p(t).
2, 3, 5
Let n = 8 + -12. List the prime factors of n*-10*2/16.
5
Suppose 3*x - 5*x = -8. Suppose -5*p + b + 169 = -2, -x*p - b = -144. Suppose 3*w - p = -5*o, -4*o + 50 = -w - w. What are the prime factors of o?
2, 5
What are the prime factors of -6*3089/(-54) - (-4)/(-18)?
7
Let u = 62 + -24. Suppose -6*a + u = -256. What are the prime factors of a?
7
Suppose 48*c = 115166 - 878. What are the prime factors of c?
2381
Suppose 0 - 10 = 2*z. Let n(f) = -f**3 - 6*f**2 - 6*f + 1. Let r be n(z). Suppose -4*h + r*h = 18. List the prime factors of h.
3
Suppose 4*x - 2084 - 600 = 0. List the prime factors of x.
11, 61
Let w(s) = -s**2 - 20*s - 21. Let l be w(-17). Let y = 43 - l. List the prime factors of y.
13
Let t be 4/34 + 5096/34. Let q = 275 - t. List the prime factors of q.
5
Let n = 2341 - -766. What are the prime factors of n?
13, 239
Let q(w) = 46*w**3 - w**2. Suppose -3 + 8 = 5*s. List the prime factors of q(s).
3, 5
Let v be (0 - -3) + 0 + 2 + -213. Let g = -118 - v. What are the prime factors of g?
2, 3, 5
Let y(h) = -28*h**3 - 5*h**2 + h. Let c(f) = -27*f**3 - 4*f**2 + f. Let m(w) = 6*c(w) - 5*y(w). List the prime factors of m(-1).
2, 11
Suppose 0 = -2*d - 3*d + 5*f + 12365, -4*d + 2*f = -9900. What are the prime factors of d?
2477
Let k(r) = 6*r - 4. Let x(i) = -25*i + 16. Let y(t) = 26*k(t) + 6*x(t). What are the prime factors of y(25)?
2, 71
Let k(g) be the third derivative of 23*g**4/24 - 21*g**3/2 - 42*g**2. What are the prime factors of k(11)?
2, 5, 19
Let t = -54 + 54. Suppose -3*x + 1 = -4*v - 69, 2*x + 4*v - 40 = t. What are the prime factors of x?
2, 11
Let x be (15/(-2))/(1/(-2)). Suppose -3*b + 3*q + 2*q = -7, -2*b + q = 0. Let s = x + b. What are the prime factors of s?
2, 7
Suppose 0 = -4*q - 5 - 83. Let u = q - -90. Suppose 2*m + 2*m - u = 0. What are the prime factors of m?
17
Let a(z) = 52*z + 94. What are the prime factors of a(7)?
2, 229
Suppose -5*q - h - 24 = 2*h, 3*h = 3*q. Let z(y) = 22*y**2 - 10*y - 17. What are the prime factors of z(q)?
211
Suppose 2 + 4 = 2*l. Let w = 47 + -33. Suppose 13 = 2*f - 5*g, 2*g = l*f - 0*g - w. What are the prime factors of f?
2
Let j(w) = w**3 + 6*w**2 + 5*w + 6. Let b be j(-5). Suppose -5*u + 0*u - v = 153, 4*v + 23 = -u. Let z = b - u. What are the prime factors of z?
37
Suppose 10 = -5*v, f - 513 = 2*v + 1028. List the prime factors of f.
29, 53
Let b = -26 - -34. Suppose b*c + 8 = 4*c. What are the prime factors of ((-56)/6)/(c/3)?
2, 7
Suppose -3*h + 44 = 107. What are the prime factors of ((1 - h)/(-2))/((-9)/162)?
2, 3, 11
Let f(p) = p**3 + 24*p**2 + 3*p - 6. What are the prime factors of f(-22)?
2, 7
What are the prime factors of -2874*(6 + 39/(-6))?
3, 479
List the prime factors of (-4)/(-5)*(-101925)/(-30).
2, 3, 151
Suppose 5*a + m = 71, 0 = -a - 3*m + 6*m + 11. Let z be 287/5 - a/35. Suppose -z = -4*d + d. What are the prime factors of d?
19
Let i(k) be the second derivative of k**5/20 - 3*k**4/4 + 7*k**3/3 - 43*k**2/2 + 30*k. List the prime factors of i(10).
197
Let w(s) be the first derivative of 0*s + 0*s**2 + 3 - 2/3*s**3 + 3/4*s**4. List the prime factors of w(2).
2
Let s(m) = -m**2 + 4*m + 1. Let x be s(4). Let o(y) = 9*y - 2*y + 0*y**2 + 2 - y**2 + x. What are the prime factors of o(7)?
3
Suppose 0 = 3*g + g + 2*h, 4*g = 3*h. Suppose -2*k = -3*c - 387, 0 = -3*k - g*k + 2*c + 568. What are the prime factors of k?
2, 3, 31
Let j = 119 - 58. What are the prime factors of j?
61
Let s(b) = b**3 + 7*b**2 - 5*b - 4. Let r be s(-4). Let h = -42 + r. What are the prime factors of h?
2, 11
Suppose 0 = -5*o - 5, 234 = q + 2*o - 94. Let z = q + -150. Suppose s - 4*s = -z. List the prime factors of s.
2, 3, 5
Let r(w) = -3*w - 1. Let t be r(0). Let v(a) = 259*a**2 - 4*a - 1. What are the prime factors of v(t)?
2, 131
Suppose -12 = o - 5*o. Suppose -z - 40 = -o*f - 3*z, 5*z - 9 = -f. List the prime factors of 46/f - (-8)/(-28).
3
Let r be (-20)/12 + 1/(-3). Let v be r - 3*20/(-12). Suppose 1 = h + 6, -v*a = -4*h - 38. What are the prime factors of a?
2, 3
Let d be 3 + 26/2 + -3. Suppose d = 4*o + 1. Suppose 5*b = 5*s + 100, 2*b + 0*s + o*s = 35. List the prime factors of b.
19
Let f(p) be the second derivative of p**5/20 + 2*p**4/3 - 4*p**3/3 - 7*p**2 - 2*p - 3. What are the prime factors of f(-7)?
7, 13
What are the prime factors of (-328)/205 - (-3963)/5?
7, 113
Let v be (-24)/9*18/(-8). Let p be 126/(v + -4) + -2. Suppose -3*k + 5*z + 51 = -k, -5*z + p = 2*k. List the prime factors of k.
2, 7
Suppose -50*w + r = -49*w - 4187, w = -2*r + 4175. List the prime factors of w.
47, 89
Let q(l) = 3*l**2 + 2*l + 2. Let s(p) = -7*p**2 - 4*p - 3. Let r(v) = 5*q(v) + 3*s(v). Let g be r(-2). Let z = 17 - 